*b + 29*b. Let h be (-6)/(-15) + b/(-10). Let t(i) be the second derivative of i**4/12 + 3*i**2/2 + 4*i. Calculate t(h).
3
Let y(z) = 3*z**2 + 4 - 6*z - z**2 + 6*z**2 - 13*z**2 + 6*z**2. Let f be ((-5)/(-6))/(3/18). Give y(f).
-1
Suppose -5*w = -2*f, -41*w + 45*w + 24 = 4*f. Let i(q) = -6*q + 47. Give i(f).
-13
Let t = -8 - 2. Let w be 14/4 + 5/t. Let j(s) = 1316941*s**2 - 1316940*s**2 - 2*s + 1 - 3. Give j(w).
1
Suppose -160*p + 62 + 138 = 1160. Let c(f) = f**3 + 7*f**2 + 13*f + 4. Determine c(p).
-38
Let o(a) = 7*a - 76. Let r(k) = -7*k + 100. Let s(w) = 3*o(w) + 2*r(w). Calculate s(4).
0
Let a(l) = l**2 - 3*l + 7. Let r(y) = y**2 + 50*y + 153. Let w be r(-47). Let h(q) = q**2 - 2. Let u be h(2). Let j be w/(-8)*u + 8. Give a(j).
17
Let m(n) be the first derivative of n**2 - 3*n + 6205. Let h = 10 - 6. What is m(h)?
5
Let t(w) = w**2 - w - 2. Let z(a) = 2*a**2 + 7*a - 4. Let v(r) = 2*t(r) - 2*z(r). Determine v(-8).
4
Let l = 12 - 8. Let o(d) be the second derivative of -d**3/3 - d**2/2 - 24005*d. What is o(l)?
-9
Let p(f) = -3*f**2 + 2*f**2 + 2 - 3*f - 1. Let r = 13711 - 13716. Give p(r).
-9
Let g(i) = 121*i - 13. Let r be g(1). Suppose -107*d = -r*d + 12. Let s(h) = -h + 1. What is s(d)?
-11
Let l(p) = p**3 + 7*p**2 - 14*p + 25. Let v be l(-8). Let r(a) = 1 - 78*a**3 + 152*a**3 - a + a**2 - v*a**3. Give r(1).
2
Let l(j) be the third derivative of j**7/5040 - j**6/180 + 79*j**5/60 - 5*j**2 - 5*j. Let k(c) be the third derivative of l(c). Determine k(-10).
-14
Let h(v) = v**2 + 8*v - 28. Let d(u) = -u**2 + 220*u - 11770. Let c be d(92). Determine h(c).
56
Let k be (-87*(-1)/(-12))/(3/12). Let d(l) = 2*l + 65. Give d(k).
7
Let p(s) be the third derivative of -s**4/24 + s**2. Let o be (2/(-1 + 24/21))/2. Let j = o - 11. Calculate p(j).
4
Let n be (-1659)/(-474)*(-52)/7. Let z(y) = -2*y**3 - 52*y**2 + y + 17. What is z(n)?
-9
Let u be (-131)/393 + 11/24 + (-2)/16. Let y(a) = -a**2 - 2*a - 27. Give y(u).
-27
Let v(r) = -r - 13. Let u(o) = 6*o - 44. Let b be u(8). Suppose b*h = 73 + 59. Suppose -h = -47*d + 50*d. Give v(d).
-2
Let j(l) = -l**2 + 11*l - 7. Let n = 56 - 273. Let b = 224 + n. Give j(b).
21
Let r be (-2 + 3)*(-2 - 2). Let l be 4/(-6)*(-6 + (-1 - r)). Let c(i) = 3 - 13*i + 4*i + 2 + 2 + i**l. What is c(6)?
-11
Let c(b) = -9*b**2 + 8*b + 7. Let a = 512 + -523. Let w(m) = -5*m**2 + 4*m + 4. Let h(s) = a*w(s) + 6*c(s). Determine h(-3).
-5
Suppose 36*s - 60 = k + 31*s, 0 = 4*s - 36. Let b(i) = i**2 + 22*i + 137. Give b(k).
32
Let m(c) be the first derivative of 2*c**2 - 21 - 3*c - 1/3*c**3. Let h(u) = u**3 - 4*u**2 + 5. Let f be h(4). Give m(f).
-8
Let i(g) = 6*g**2 - 39*g - 99. Let j(p) = -2*p**2 + 19*p + 46. Let r(h) = -2*i(h) - 5*j(h). Determine r(-7).
-11
Let o(u) = -u**2 + 10*u + 2. Let q be 0 - -2 - (4/1)/(-4). Let j be (1/q)/(1/30). Calculate o(j).
2
Let d(b) = b**2 + 46*b - 362. Let x be d(-53). Let v(h) = -h**2 + 7*h + 4. What is v(x)?
-14
Let f be 24/40 + -2 + 111/(-15)*-1. Let s(a) be the first derivative of 3*a - 3/2*a**2 + 1/3*a**3 - f. Give s(2).
1
Let n(q) = 4 + 3 - 3 + 6*q - 5. Let v be (75/12 + -6)/(1/4). Calculate n(v).
5
Suppose 2*y - 9 = -5*a - 1, -a - 4 = -y. Let b(m) = -9*m + 2*m - 5*m**2 + 4*m**2 + m + y. Determine b(-5).
9
Let f be 6/(-8) - (-1 - 76/16). Suppose 2*o - 1 = f*b + 18, o + 3*b = -7. Let r(m) = 2*m + 6*m**2 + 3 - 6*m**2 + m**o. Give r(-2).
3
Let n(s) = 8*s**2 - 3. Suppose 7*y = -32 + 4. Let p(m) = -3*m**2 + 1. Let f(d) = y*n(d) - 11*p(d). Let t be (-9)/(-9) - 2/(-2). What is f(t)?
5
Let a(w) be the third derivative of -3*w**5/4 - w**4/8 + w**3/2 - 102*w**2 + 2. What is a(1)?
-45
Let s(x) = -x**2 + 8*x - 3. Let q(t) = -4*t**2 + 24*t - 9. Let a(i) = -2*q(i) + 7*s(i). Suppose 0 = -171*v - 36*v - 42*v - 1992. Give a(v).
-3
Let z(x) = -14*x - 33. Let h(f) = 2*f. Let u(i) = 10*h(i) + 2*z(i). Determine u(-8).
-2
Let c = 25574 + -25578. Let u(q) = 12*q + 45. Determine u(c).
-3
Let j(t) = -t**3 + 18*t**2 - 35*t + 48. Let m = -20853 - -20869. Give j(m).
0
Let o(b) = b**2 - 2*b. Let n(y) = 5*y**2 + 15*y - 5. Let g(i) = 2*i**2 + 8*i - 2. Let t(v) = -7*g(v) + 3*n(v). Let c(x) = -2*o(x) + t(x). Give c(-8).
-9
Let t = 572 - 566. Let s(w) = -4*w - 8. Let c(r) = -9*r - 16. Let z(d) = -3*c(d) + 7*s(d). What is z(t)?
-14
Let h(o) be the third derivative of 0*o - 1/6*o**4 + 1/3*o**3 + 0 - 3*o**2. Determine h(3).
-10
Suppose -27 + 78 = w. Let m be w/(-15) + -2 + (-8)/(-20). Let u(a) = 1. Let b(k) = -2*k - 5. Let n(c) = -b(c) - 2*u(c). Calculate n(m).
-7
Let f(t) be the first derivative of 2*t**4 - t**3/3 - t**2 - 3*t + 6961. Give f(-2).
-67
Let d(q) = -q**3 + 11*q**2 + 15*q - 34. Suppose 0 = 2*a + 2, a = g + 9 - 22. Give d(g).
2
Let z be (-15)/(-12) + (-177)/(-236) - 4. Let b(y) = -16*y. Give b(z).
32
Let r(c) = c**3 - 4*c**2 - 8*c + 3. Suppose -u + 3*u + 14 = 3*l, u - 26 = -4*l. Let h(i) = 4*i + 84. Let g be h(-24). Let k be (2/g - -1)/(1/l). Calculate r(k).
-12
Suppose -c - 2 = 0, c - 5*c + 10 = 3*s. Let k(w) = -w + 13. Let q be k(s). Let j(a) be the third derivative of a**4/12 - 5*a**3/3 - 39*a**2. Give j(q).
4
Let q(k) be the first derivative of 2*k**2 + 8*k - 3064. Give q(-6).
-16
Let f(n) = n**2 - 8*n - 33. Suppose 17*s - 15*s + 21 = -5*j, 5*j = -s - 18. Determine f(s).
0
Let y = -117032 - -117034. Let a(p) = -5*p**2 - 2 + 1 + p**2. Calculate a(y).
-17
Let h be (3/9)/((-6)/(-36)). Let q(g) = 9*g**2 - 6*g + 8. Let i(w) = -w + 2. Let u(k) = -3*i(k) + q(k). Determine u(h).
32
Let n be -11*105/77*(-8)/24. Let b(x) = 2*x - 11. What is b(n)?
-1
Let l(i) = -9*i**2 - 7*i**2 - 2*i**3 - 5*i + i**3 + 11*i**2. Suppose -t - 3 = -3*z - 5, 0 = 2*t + 4*z + 16. What is l(t)?
4
Let c(r) be the first derivative of -4 + 7*r - 4*r**2 - 2*r**3 + 1/4*r**4. Let l(h) = h**2 + 9*h + 21. Let q be l(-7). Calculate c(q).
0
Let h(a) = -37*a + 4. Let i = -23581 + 23583. Calculate h(i).
-70
Let d(u) = -u**2 + u + 18. Suppose 3*p - 3 = -5*j - 11, 0 = 4*p - 3*j - 28. Suppose 5*f = -8*v + p*v + 10, 3*f - 6 = -4*v. Determine d(v).
18
Let f(z) be the first derivative of z**4/12 - z**3/6 + 101*z**2/2 - 58. Let d(l) be the second derivative of f(l). Determine d(-1).
-3
Let t(c) = -c**3 + 7*c**2 - 9*c + 3. Let q(n) = 88*n + 70. Let f be q(-3). Let r = 200 + f. What is t(r)?
-15
Let y(b) = -b**2 - 16*b - 12. Let n be y(-15). Suppose n*h + 19 - 31 = 0. Let j(m) = m**2 - 6*m + 4. Determine j(h).
-4
Let k(j) = 3*j**3 + 0 + 11*j - 8*j - 4*j**2 - 1. Let i = 93 - 85. Suppose -5*a + 2 - 4 = 3*w, -w - i = -2*a. Calculate k(a).
13
Let t(x) = 12*x**2 - 4*x - 66. Let p(d) = 11*d**2 - 3*d - 65. Let j(n) = 13*p(n) - 12*t(n). Calculate j(0).
-53
Let n(s) = s + 8. Let f be (-2)/(-11) - -2*(-114)/44. Let w be n(f). Let o(t) = -64*t**2 + 3*t**3 + 65*t**2 + 4*t**w. Calculate o(1).
8
Let k(s) = -s**2 - 5*s - 3. Let m = 15 - 435. Let t be -3*(m/(-18))/14. Determine k(t).
-3
Let b(n) = n**3 - 5*n**2 + n + 3. Let m = -5 - -12. Suppose 55 = 3*c + 49. Suppose -c*d - d = q - m, 2*d = -4*q + 18. Determine b(q).
-9
Let z(w) = -226*w + 673. Let t(j) = 153*j - 447. Let k(o) = 7*t(o) + 5*z(o). Determine k(4).
0
Let r be -6 + (11 + -3 - -37). Let x(k) = 3*k**2 + 3*k**3 - 2*k**3 + r - 3 - 37. Give x(-1).
1
Suppose -c - 11*b + 15*b + 15 = 0, 2*b = -2*c. Let k(u) = -2*u**2 + 2*u + 1. Let f(r) = 3*r**2 - 2*r - 1. Let n(d) = 3*f(d) + 4*k(d). Determine n(c).
16
Let s(p) = -2*p + 11. Suppose 71*z - 78*z + 189 = 0. Let l(x) = 2*x - 44. Let i be l(z). Calculate s(i).
-9
Let v = 233 - 230. Let x(u) = 9*u**3 + 4*u**2 + u + 2. Let o(g) = -7*g**3 - 5*g**2 - 3*g - 3. Let r(f) = v*x(f) + 4*o(f). Give r(-7).
8
Let d(g) be the second derivative of g**6/360 + g**5/24 - 11*g**4/24 + 7*g**3/6 - g**2 - 4*g + 8. Let s(j) be the second derivative of d(j). What is s(-9)?
25
Let p = 8 + 48. Let z = 4 - -55. Let t = p - z. Let d(k) = -k + 4. Determine d(t).
7
Let c(q) = -q**2 - 6*q. Let m be (-126)/(-56)*8/(-3). Let x be c(m). Suppose x = -5*d - 4*v + 35, 5*d + v - 20 = -0*v. Let o(r) = 3*r - 1. Determine o(d).
8
Let y(v) = v**2 - 4*v + 11. Suppose 0 = -17*x + 92 - 24. Determine y(x).
11
Let d(b) = 2*b**2 - 55*b - 30. Suppose 11*r - 133 = -4*z + 8*r, 4*r = z. What is d(z)?
-2
Let p(v) = -43*v + 778. Let d be p(18). Let y(z) be the first derivative of 6*z + 3/2*z**2 - 4/3*z**3 - 1/4*z**d - 11. Calculate y(-5).
